z(-6). Suppose -w = -3*p + 828. Is p a prime number?
False
Let c(a) be the first derivative of 60*a**2 + a + 97. Suppose 2*b = 2*t, 0 = 3*b - 0*b - t - 8. Is c(b) composite?
True
Let z be (129 + 4)/(1 + 0). Let c = 189 - z. Let b = 357 + c. Is b a prime number?
False
Let m = 42 + -36. Suppose 328 = h + m. Suppose h = -4*d + 1226. Is d composite?
True
Let i = 310 + -176. Is i composite?
True
Is 5 + (-9 + -13)/((-2)/72) a prime number?
True
Suppose -113 + 5 = -2*j. Suppose -h + 5*n = -18, 0*h - 3*n = -3*h + j. Is (-27)/h - 1498/(-4) a composite number?
False
Let l(j) be the second derivative of -j**5/20 - 2*j**4/3 + j**3/3 + j**2 + 2*j. Let m be l(-8). Is -2*1*1337/m prime?
True
Let m(i) = -i**3 + 21*i**2 - 28*i + 1. Let j be -4 - (-3 + -3) - -17. Is m(j) a prime number?
True
Let s be (17 + 4)*(-21)/(-9). Let o be (-16)/(-7) - 14/s. Is (o/6)/((-2)/(-1074)) prime?
True
Let w(h) = 523*h - 36. Is w(5) composite?
False
Suppose 0 = 3*h - 5*i - 29164, 4*h + 2*i - 19464 = 2*h. Suppose -5*p - 4*y = 237 - 12370, 4*p - 4*y - h = 0. Is p prime?
False
Let y(t) = 18*t + 5. Let f be y(5). Let l = f - -107. Is l a prime number?
False
Suppose 15*k - 6 = 12*k. Is (-1)/(1/k - 898/1788) a prime number?
False
Let v(f) = 5*f**2 + 6*f - 41. Let s(r) = -4*r**2 - 6*r + 40. Let m(l) = 6*s(l) + 5*v(l). Is m(18) a composite number?
False
Suppose -5*t + 3*h + 3053 = -4*t, -2*t + 6126 = -h. Is t a composite number?
True
Suppose -3*j + 436 = -2*m, -2*m + 730 = 5*j + 14. Let t = j + 163. Is t a prime number?
True
Let q = 10 - 18. Let n be 1980/q*(0 - 2). Suppose 4*b - 253 - n = 0. Is b prime?
False
Suppose 6*g - 11 - 13 = 0. Suppose b = -1 - 0. Is 0 + (b - -196 - g) a prime number?
True
Suppose -x + 18 = -1. Let l(n) = 3*n + 28. Is l(x) prime?
False
Let u(y) = 12*y - 6. Let o be u(-13). Let t = 167 - o. Is t a composite number?
True
Let y be 9/(-6)*-2 - 1. Suppose -h + m + 2*m = -83, h - 63 = -y*m. Is h prime?
True
Suppose 3*y = 4*i - 25, -4*y = -i + 3 - 0. Suppose -10*t + i*t + 801 = 0. Is t a composite number?
True
Let z = 78 - 76. Suppose 2*m = -4*d + 4562, m - z*d - 1203 = 1074. Is m prime?
False
Let j(v) = -5*v - 1. Let d be j(-1). Let r(w) = w**3 - w**2 - 4*w + 3. Let t be r(d). Is 594/10 + (-14)/t prime?
True
Let i(w) = -59*w + 5. Let f(p) = 2*p + 16. Let s be f(-12). Let m = 6 + s. Is i(m) prime?
False
Suppose -r - r = -y - 5, -r = 5*y - 30. Suppose -3*h = r*d + 72 - 334, 321 = 4*h + d. Is h composite?
False
Let n(k) be the first derivative of -57*k**2/2 + 7*k + 17. Is n(-4) prime?
False
Suppose -9*v = -4*v - 32525. Is v prime?
False
Let a be (1 - 4) + 1975 + 5. Suppose 0 = -v + 4*j + 1975, -v + a = -2*j - 0*j. Is v a prime number?
True
Let l(c) = 3*c**3 - 5*c**2 + 3*c - 3. Let w be l(3). Let j = w + -7. Is j a prime number?
False
Let m(g) = g**3 - 3*g**2 - 4*g + 2. Let o be m(4). Let n(x) = -3*x - x + 30 + 9*x**o - 28. Is n(3) a prime number?
True
Let w(n) = 380*n**2 - 2*n + 3. Let q be w(2). Suppose 0 = -7*o + 14*o - q. Is o prime?
False
Let l = -19 + 23. Suppose -5*m = -f + l*f - 926, -1538 = -5*f - 3*m. Is f a prime number?
True
Suppose -t - 5*f = -13, 2*t - 4*f + 4 = f. Suppose t*s + 2*s - 153 = -m, 5*s = 20. Is m a prime number?
False
Let l(a) = 3*a**3 + 3*a**2 + 2*a + 1. Let x be l(-2). Let v = -13 - x. Let u = 6 - v. Is u composite?
True
Let h = 59092 - 11303. Is h a prime number?
False
Let h(p) be the second derivative of -p**5/20 - 7*p**4/6 - 3*p**3 - p**2 - 13*p. Is h(-15) a composite number?
True
Let x(u) = -155*u + 5. Let r be x(-6). Suppose r = -18*o + 23*o. Is o prime?
False
Let l = -4380 + 12049. Is l composite?
False
Suppose 33 = -0*j - 3*j - 3*l, -3*l - 49 = 4*j. Let q = -12 - j. Suppose -138 - 170 = -q*f. Is f a prime number?
False
Suppose -2*x + 2666 = 2*d, -d = -5*d + x + 5352. Is d a composite number?
True
Let i(h) = 44*h + 2. Let d(n) = n**3 - 11*n**2 + 12*n - 12. Let m be d(10). Suppose -7*u + m*u = 3. Is i(u) a composite number?
True
Let h be (-4)/5 - 3612/(-15). Suppose 0 = 2*a - 444 - h. Let z = a + -53. Is z composite?
True
Suppose 2*v - 4*m = 7426, -53*v - 3*m - 3716 = -54*v. Is v composite?
True
Let m be 18/(-15)*70/(-3). Suppose -l - 2*l + 5*q = m, 4*l = -q - 22. Is (-260)/l + 2/(-6) a prime number?
True
Let z = 2 + 0. Let g = 58 - 72. Is g*z/(-4)*127 a composite number?
True
Is ((-30)/20)/((-6)/4)*10417 a prime number?
False
Let a(g) = -2. Let h(j) = -j**2 - 2*j - 8. Let f(q) = 4*a(q) - h(q). Let z(m) = -m**3 + 4*m**2 - m + 1. Let i be z(4). Is f(i) a composite number?
False
Suppose 0 = -5*a + 5*z - 6355, -5*a + 2*z - 1275 = 5077. Let u = -777 - a. Is u composite?
True
Let d = 644 + -1758. Let i = 2178 + d. Let x = i + -267. Is x a composite number?
False
Let i be (-3 - 0/4)/(-1). Is (i + -4 + 38)*5 prime?
False
Suppose -3*v - 3 = -51. Is (-2)/v + (-3257)/(-8) a composite number?
True
Is (12*-11249)/(-3) - 9 prime?
True
Let l be 3/(9/2258)*6/(-4). Let x = l - -1596. Is x prime?
True
Let s(g) = -76*g**2 - 2*g - 1. Let h be s(-2). Let z = 450 + h. Is z prime?
True
Suppose -3*r + 0*r + 1863 = 3*z, z = 2*r + 612. Let g = z - -483. Let x = -754 + g. Is x a prime number?
True
Suppose 3*g - 45 = -3*t, -6*g - 2*t = -5*g - 19. Suppose 5*j - g = 9. Suppose -j*r + 51 = -41. Is r a prime number?
True
Suppose 0*y - k = 2*y - 9, -k = -1. Suppose -y*o = -6*o + 74. Is o a composite number?
False
Let w = -8425 + 12368. Is w composite?
False
Let q = 11 + -8. Let b = q - 1. Suppose -202 = -p + c + 248, b*c = -p + 447. Is p composite?
False
Suppose -6*x + 9140 + 592 = 0. Is 2/4*x - -4 a prime number?
False
Suppose -2*w - 2*q = 16, w + 3*q = -0*q - 16. Let u be w/(-14) + (-66)/(-14). Is (185/u)/(2/14) composite?
True
Is -30 - -5149 - 6/1 composite?
False
Suppose -d - 2*w + 10 = -w, 15 = 3*w. Suppose 2542 = y - d*l, 3*y - 2*l - 10078 = -y. Is y composite?
True
Let u(y) = 12 + 50*y - 37 - 30 - 12. Is u(15) a prime number?
True
Let l = -128 - -462. Suppose 54*a - 58*a = -560. Let r = l - a. Is r prime?
False
Let k be (2 + 3)/((-2)/(-2)). Let f(l) be the third derivative of l**5/15 - 5*l**4/24 + l**3/3 - 3*l**2. Is f(k) a composite number?
True
Suppose -3*o - 7511 = -4*v + 3*v, -2*o = 5*v - 37487. Is v a composite number?
False
Suppose -9*v + 10653 = -50889. Suppose 6*o - v = -544. Is o a composite number?
False
Let p = 3091 + 12402. Is p a composite number?
False
Suppose -5*t + 2*w = -3320, t = -4*w + 2*w + 652. Is t a composite number?
True
Let s(n) = -31*n**3 + 3*n**2 - 3. Suppose j + 6 = 4*t, 5*j + 12 - 2 = 0. Let o(f) = f**3 - f**2 + 1. Let r(i) = t*s(i) + 2*o(i). Is r(-2) a composite number?
True
Let g(b) = b**2 - b + 2. Let x be g(2). Let m be (0 + 4)*(-5)/(-10). Suppose 0 = x*i - 4 + 24, -2*c - m*i = -84. Is c composite?
False
Let w(g) = 2891*g - 894. Is w(5) composite?
True
Suppose -17*l + 37542 = -11*l. Is l prime?
True
Let o = -11699 + 18696. Is o prime?
True
Is 201/(21/(-455)*-5) a composite number?
True
Suppose 0 = -4*l + l - c - 28, -2*l - c = 18. Is 993/5 - 4/l composite?
False
Suppose -12*c + 8*c = -28. Let p(o) = 6*o**2 - 4*o + 6. Let k be p(c). Suppose 134 = 2*y - k. Is y prime?
False
Let w(m) = 25*m**2 + 55*m - 601. Is w(21) composite?
False
Let a be -31 + -5 + 4 + -3. Let t = 90 + a. Is t a prime number?
False
Suppose 5*a - 36988 = 28*u - 27*u, a + 2*u - 7391 = 0. Is a a composite number?
True
Let r = -7331 + 16918. Is r prime?
True
Let a = -372 - -549. Is a composite?
True
Let s = 32 - -1. Let y = 42 + -31. Is 6/s + 2264/y prime?
False
Let d(j) = 2*j + 8. Let i be d(-6). Let z be 230*(-2)/i*-1. Let b = z - -824. Is b prime?
True
Let s(q) = 3445*q - 202. Is s(5) composite?
True
Let b(h) = h**3 - 2 + 53*h**2 - 60*h**2 + 7*h - h + 5. Let c be b(6). Suppose 0 = 2*u + u - c*t - 255, -u = -4*t - 85. Is u composite?
True
Let o(r) be the first derivative of r**3/3 + 15*r**2/2 + 3*r - 3. Let y be o(-15). Is 3/((-42)/15 + y) composite?
True
Suppose -11 - 9 = -4*l, k = -3*l + 17. Is (29 - 6/(-2)) + (-2)/k prime?
True
Suppose 5*r - 18448 = -3*w + 33490, -17311 = -w - 2*r. Is w composite?
False
Let l be (-1)/4 + 0 + 1229/4. Let i(y) = -8*y**3 + 3*y**2 - y - 2. Let g be i(2). Let o = l + g. Is o a prime number?
True
Suppose -f - 3*f = 8. Let x(j) be the first derivative of 32*j**3/3 + 3*j**2/2 + 5*j - 10. Is x(f) composite?
False
Let c(q) = 17*q - 2